{"id":60,"date":"2023-10-24T09:56:01","date_gmt":"2023-10-24T07:56:01","guid":{"rendered":"https:\/\/genealogiebyk.fr\/?page_id=60"},"modified":"2023-11-04T12:39:19","modified_gmt":"2023-11-04T11:39:19","slug":"qui-suis-je","status":"publish","type":"page","link":"https:\/\/genealogiebyk.fr\/index.php\/qui-suis-je\/","title":{"rendered":"Qui suis je ?"},"content":{"rendered":"\n<div class=\"wp-block-columns is-layout-flex wp-container-core-columns-is-layout-9d6595d7 wp-block-columns-is-layout-flex\">\n<div class=\"wp-block-column is-layout-flow wp-block-column-is-layout-flow\"><\/div>\n\n\n\n<div class=\"wp-block-column is-layout-flow wp-block-column-is-layout-flow\"><div class=\"wp-block-image is-style-rounded\">\n<figure class=\"aligncenter size-large is-resized\"><img loading=\"lazy\" decoding=\"async\" width=\"915\" height=\"1024\" src=\"http:\/\/genealogiebyk.fr\/wp-content\/uploads\/2023\/10\/Kar1-915x1024.jpg\" alt=\"\" class=\"wp-image-406\" style=\"aspect-ratio:1;object-fit:cover;width:148px;height:auto\" srcset=\"https:\/\/genealogiebyk.fr\/wp-content\/uploads\/2023\/10\/Kar1-915x1024.jpg 915w, https:\/\/genealogiebyk.fr\/wp-content\/uploads\/2023\/10\/Kar1-536x600.jpg 536w, https:\/\/genealogiebyk.fr\/wp-content\/uploads\/2023\/10\/Kar1-768x860.jpg 768w, https:\/\/genealogiebyk.fr\/wp-content\/uploads\/2023\/10\/Kar1-268x300.jpg 268w, https:\/\/genealogiebyk.fr\/wp-content\/uploads\/2023\/10\/Kar1.jpg 1024w\" sizes=\"auto, (max-width: 915px) 100vw, 915px\" \/><\/figure>\n<\/div>\n\n\n<div style=\"height:80px\" aria-hidden=\"true\" class=\"wp-block-spacer\"><\/div>\n\n\n\n<p>Le K, c&rsquo;est moi !<\/p>\n\n\n\n<p>Passionn\u00e9e de g\u00e9n\u00e9alogie depuis plus de vingt ans, je suis dipl\u00f4m\u00e9e en Histoire et en G\u00e9n\u00e9alogie familiale. Ma carri\u00e8re professionnelle m&rsquo;a men\u00e9 sur diff\u00e9rentes routes, de l&rsquo;enseignement \u00e0 l&rsquo;administration, dans des entreprises priv\u00e9es ou des associations.<\/p>\n\n\n\n<p>Aujourd&rsquo;hui, je m&rsquo;autorise enfin \u00e0 faire de ma passion mon m\u00e9tier.<\/p>\n\n\n\n<p class=\"has-text-align-right\">Karine<\/p>\n<\/div>\n\n\n\n<div class=\"wp-block-column is-layout-flow wp-block-column-is-layout-flow\"><\/div>\n<\/div>\n","protected":false},"excerpt":{"rendered":"<p>Le K, c&rsquo;est moi ! Passionn\u00e9e de g\u00e9n\u00e9alogie depuis plus de vingt ans, je suis dipl\u00f4m\u00e9e en Histoire et en G\u00e9n\u00e9alogie familiale. Ma carri\u00e8re professionnelle &hellip;<\/p>\n","protected":false},"author":1,"featured_media":0,"parent":0,"menu_order":0,"comment_status":"closed","ping_status":"closed","template":"","meta":{"footnotes":""},"class_list":["post-60","page","type-page","status-publish","hentry"],"_links":{"self":[{"href":"https:\/\/genealogiebyk.fr\/index.php\/wp-json\/wp\/v2\/pages\/60","targetHints":{"allow":["GET"]}}],"collection":[{"href":"https:\/\/genealogiebyk.fr\/index.php\/wp-json\/wp\/v2\/pages"}],"about":[{"href":"https:\/\/genealogiebyk.fr\/index.php\/wp-json\/wp\/v2\/types\/page"}],"author":[{"embeddable":true,"href":"https:\/\/genealogiebyk.fr\/index.php\/wp-json\/wp\/v2\/users\/1"}],"replies":[{"embeddable":true,"href":"https:\/\/genealogiebyk.fr\/index.php\/wp-json\/wp\/v2\/comments?post=60"}],"version-history":[{"count":7,"href":"https:\/\/genealogiebyk.fr\/index.php\/wp-json\/wp\/v2\/pages\/60\/revisions"}],"predecessor-version":[{"id":551,"href":"https:\/\/genealogiebyk.fr\/index.php\/wp-json\/wp\/v2\/pages\/60\/revisions\/551"}],"wp:attachment":[{"href":"https:\/\/genealogiebyk.fr\/index.php\/wp-json\/wp\/v2\/media?parent=60"}],"curies":[{"name":"wp","href":"https:\/\/api.w.org\/{rel}","templated":true}]}}