{"id":203,"date":"2023-10-24T09:57:38","date_gmt":"2023-10-24T07:57:38","guid":{"rendered":"https:\/\/genealogiebyk.fr\/?page_id=203"},"modified":"2023-11-01T15:56:08","modified_gmt":"2023-11-01T14:56:08","slug":"genealogie-immobiliere","status":"publish","type":"page","link":"https:\/\/genealogiebyk.fr\/index.php\/genealogie-immobiliere\/","title":{"rendered":"G\u00e9n\u00e9alogie immobili\u00e8re"},"content":{"rendered":"\n<div class=\"wp-block-columns alignwide are-vertically-aligned-center is-layout-flex wp-container-core-columns-is-layout-9d6595d7 wp-block-columns-is-layout-flex\">\n<div class=\"wp-block-column is-vertically-aligned-center is-layout-flow wp-block-column-is-layout-flow\" style=\"flex-basis:33.33%\">\n<figure class=\"wp-block-image size-full\"><img loading=\"lazy\" decoding=\"async\" width=\"1024\" height=\"610\" src=\"https:\/\/genealogiebyk.fr\/wp-content\/uploads\/2023\/11\/Caranda1.jpg\" alt=\"\" class=\"wp-image-506\" srcset=\"https:\/\/genealogiebyk.fr\/wp-content\/uploads\/2023\/11\/Caranda1.jpg 1024w, https:\/\/genealogiebyk.fr\/wp-content\/uploads\/2023\/11\/Caranda1-600x357.jpg 600w, https:\/\/genealogiebyk.fr\/wp-content\/uploads\/2023\/11\/Caranda1-768x458.jpg 768w, https:\/\/genealogiebyk.fr\/wp-content\/uploads\/2023\/11\/Caranda1-496x295.jpg 496w\" sizes=\"auto, (max-width: 1024px) 100vw, 1024px\" \/><\/figure>\n\n\n\n<figure class=\"wp-block-image size-large\"><img loading=\"lazy\" decoding=\"async\" width=\"1024\" height=\"571\" src=\"https:\/\/genealogiebyk.fr\/wp-content\/uploads\/2023\/11\/Caranda2-1024x571.jpg\" alt=\"\" class=\"wp-image-507\" srcset=\"https:\/\/genealogiebyk.fr\/wp-content\/uploads\/2023\/11\/Caranda2-1024x571.jpg 1024w, https:\/\/genealogiebyk.fr\/wp-content\/uploads\/2023\/11\/Caranda2-600x335.jpg 600w, https:\/\/genealogiebyk.fr\/wp-content\/uploads\/2023\/11\/Caranda2-768x428.jpg 768w, https:\/\/genealogiebyk.fr\/wp-content\/uploads\/2023\/11\/Caranda2-496x277.jpg 496w, https:\/\/genealogiebyk.fr\/wp-content\/uploads\/2023\/11\/Caranda2.jpg 1094w\" sizes=\"auto, (max-width: 1024px) 100vw, 1024px\" \/><\/figure>\n<\/div>\n\n\n\n<div class=\"wp-block-column is-vertically-aligned-center is-layout-flow wp-block-column-is-layout-flow\" style=\"flex-basis:66.66%\">\n<p>Je peux r\u00e9aliser la <strong>recherche de l\u2019origine et de l\u2019histoire d\u2019une maison<\/strong>, d&rsquo;un b\u00e2timent particulier (moulin, m\u00e9tairie, commerce, b\u00e2timent industriel,\u2026) ou encore d\u2019un terrain.<br>Une g\u00e9n\u00e9alogie immobili\u00e8re peut \u00eatre r\u00e9alis\u00e9e seule ou en compl\u00e9ment d&rsquo;une g\u00e9n\u00e9alogie familiale. Elle permet de mettre en lumi\u00e8re la m\u00e9moire des lieux, d&rsquo;\u00e9tablir la chronologie avec les diff\u00e9rents propri\u00e9taires successifs. Cette d\u00e9marche poss\u00e8de une dimension m\u00e9morielle, voire patrimoniale pour assurer une pr\u00e9servation de son histoire et une valorisation du bien immobilier.<\/p>\n\n\n\n<div class=\"wp-block-buttons is-layout-flex wp-block-buttons-is-layout-flex\">\n<div class=\"wp-block-button has-custom-width wp-block-button__width-50\"><a class=\"wp-block-button__link has-background wp-element-button\" href=\"https:\/\/genealogiebyk.fr\/index.php\/contact\/\" style=\"border-radius:0px;background-color:#6f4c66\">Devis gratuit<\/a><\/div>\n<\/div>\n<\/div>\n<\/div>\n","protected":false},"excerpt":{"rendered":"<p>Je peux r\u00e9aliser la recherche de l\u2019origine et de l\u2019histoire d\u2019une maison, d&rsquo;un b\u00e2timent particulier (moulin, m\u00e9tairie, commerce, b\u00e2timent industriel,\u2026) ou encore d\u2019un terrain.Une g\u00e9n\u00e9alogie &hellip;<\/p>\n","protected":false},"author":1,"featured_media":503,"parent":0,"menu_order":0,"comment_status":"closed","ping_status":"closed","template":"","meta":{"footnotes":""},"class_list":["post-203","page","type-page","status-publish","has-post-thumbnail","hentry"],"_links":{"self":[{"href":"https:\/\/genealogiebyk.fr\/index.php\/wp-json\/wp\/v2\/pages\/203","targetHints":{"allow":["GET"]}}],"collection":[{"href":"https:\/\/genealogiebyk.fr\/index.php\/wp-json\/wp\/v2\/pages"}],"about":[{"href":"https:\/\/genealogiebyk.fr\/index.php\/wp-json\/wp\/v2\/types\/page"}],"author":[{"embeddable":true,"href":"https:\/\/genealogiebyk.fr\/index.php\/wp-json\/wp\/v2\/users\/1"}],"replies":[{"embeddable":true,"href":"https:\/\/genealogiebyk.fr\/index.php\/wp-json\/wp\/v2\/comments?post=203"}],"version-history":[{"count":7,"href":"https:\/\/genealogiebyk.fr\/index.php\/wp-json\/wp\/v2\/pages\/203\/revisions"}],"predecessor-version":[{"id":509,"href":"https:\/\/genealogiebyk.fr\/index.php\/wp-json\/wp\/v2\/pages\/203\/revisions\/509"}],"wp:featuredmedia":[{"embeddable":true,"href":"https:\/\/genealogiebyk.fr\/index.php\/wp-json\/wp\/v2\/media\/503"}],"wp:attachment":[{"href":"https:\/\/genealogiebyk.fr\/index.php\/wp-json\/wp\/v2\/media?parent=203"}],"curies":[{"name":"wp","href":"https:\/\/api.w.org\/{rel}","templated":true}]}}